91?
13
Let c(q) = -104*q - 1744. Let x be c(-17). Calculate the highest common divisor of x and 1500.
12
Let f be (58/6)/((-1)/(-12)). Let p be (145/(-6))/(425/(-2550)). Calculate the highest common divisor of f and p.
29
Let z be (-9)/3 + 2 - (187 + -264). What is the highest common factor of z and 4237?
19
Let g be 3 + 143/(-13) - -358. What is the highest common factor of 28 and g?
14
Let i(w) = 42*w - 2674. Let v be i(67). What is the highest common divisor of v and 115?
5
Let l be 8/((-8)/(-3)) - -175. Suppose 7*o = l - 24. What is the greatest common divisor of 11 and o?
11
Let s = 6772 + -2601. What is the greatest common factor of s and 86?
43
Let v = -2864 + 3512. Calculate the greatest common divisor of 64 and v.
8
Suppose -11*u = 21444 - 93560. What is the highest common divisor of u and 176?
44
Let j(i) = i**3 + 10*i**2 - 11*i + 51. Let p be j(4). Calculate the highest common divisor of p and 297.
33
Let p be 24/(-10)*15/(-2). Let d be 35724/64 - (-444)/(-2368). What is the greatest common divisor of p and d?
18
Suppose 25*y - 149139 - 175901 + 108590 = 0. What is the greatest common factor of 37 and y?
37
Let g be (-2)/(-5)*10/1. Let q = g - -29. Let z = 103 + -100. What is the greatest common divisor of z and q?
3
Suppose -1 = -o, -4*o + 173 = j - 156. Suppose 0*t - 2*t + 10 = 0. Suppose 4*r - n = -2*n + j, 105 = r + t*n. Calculate the highest common factor of r and 10.
10
Suppose 2*d + 0 = 5*l + 7, 0 = -5*l + 5*d + 5. Let a be 190/(-1)*-9*4/(-24). Let u be a/(-25) + l/(-5). What is the greatest common divisor of u and 36?
12
Suppose 3*j + 1 = 2*j - 2*n, -4*j + 22 = -5*n. Suppose -j*v - 39 = -42. Let i = 8 + v. Calculate the highest common factor of i and 36.
9
Suppose j - m - 590 = 0, 3*j = -3*m + 110 + 1654. Let s(o) = -o**3 - 21*o**2 + 45*o + 8. Let r be s(-23). Calculate the highest common factor of r and j.
31
Let t be (-2494)/(-166) + (-824)/34196. What is the highest common factor of 1355 and t?
5
Suppose -3*n + 15 = 0, -r + 0*r + 125 = 2*n. Let t be (r - 105)/(2/((-4)/(-1))). What is the highest common divisor of 12 and t?
4
Suppose -3*c + 37 = -5*n, -4*n + 71 = 4*c + 11. Suppose -9*f = -10*f - 3*z - 2, f - c = 5*z. Calculate the greatest common divisor of f and 4.
4
Suppose 0 = -h - 1, -5*h = 2*n + 30 - 29. Suppose 0 = -5*x + 2*a + 48, -4*a = 5*x - 26 + n. Calculate the greatest common factor of x and 364.
4
Let r = 45 + -5. Let y = 44 - r. Suppose 0 = 5*f - 4*f + 2*m - 4, -y*f - m = -51. Calculate the greatest common divisor of 70 and f.
14
Let q = 5477 + -5282. Calculate the greatest common factor of q and 2665.
65
Suppose -12 - 12 = 12*a. Let r = a - -23. Calculate the greatest common factor of r and 3.
3
Let p = -48 - -32. Let j = 20 + p. Suppose -2*b + 3*q + 9 = 3, -5*b + 22 = -j*q. What is the highest common divisor of 1 and b?
1
Let n = 1120 - -23. Calculate the greatest common divisor of n and 127.
127
Suppose 0*r + 962 = 7*r - 5*r. Calculate the highest common divisor of r and 234.
13
Suppose -20*s - 405 = 19*s - 66*s. Calculate the highest common divisor of 1570 and s.
5
Let g(v) = v**2 - 5*v - 46. Let c be g(-6). Suppose 0 = -c*o + 16*o + 24. Calculate the greatest common factor of 8 and o.
2
Let p be 3/((-9)/(-6) - 0). Suppose 2 + 0 = 4*g - 2*z, 0 = 5*g - p*z - 2. Suppose -8*n + 7*n + 28 = g. Calculate the greatest common factor of n and 4.
4
Suppose -2*k - 2*k + 20 = 4*p, -k - 3 = -3*p. Suppose -8*n = -n - 126. Let b be ((-9)/(-30))/(n/30)*14. What is the greatest common factor of p and b?
1
Let r = -5832 - -6682. What is the highest common factor of 68 and r?
34
Let r = 395 - 235. Suppose s + 4*s = r. Let u be 210/25 - 4/10. Calculate the greatest common factor of s and u.
8
Let j = 24 + -9. Let n(k) = -k**3 - 27*k**2 + 291*k + 400. Let w be n(-35). What is the greatest common divisor of w and j?
15
Let c(y) = y**3 + 24*y**2 + 4*y + 23. Let n be c(-18). Suppose 4781 = 6*x + n. What is the greatest common divisor of 37 and x?
37
Let m be (-27)/(-2)*(1800/15)/10. Calculate the highest common factor of m and 243.
81
Suppose 0 = i, 4*q - 2*i - 16 = 3*i. Suppose 53 = q*v + 5. Calculate the greatest common factor of 192 and v.
12
Let g(u) = -22*u**3 + 3*u**2 + 15*u + 10. Let x be g(-1). Calculate the greatest common factor of 17180 and x.
20
Suppose 2*v + 2*h - 52 = 0, -9*v + 2*h - 31 = -166. Calculate the highest common divisor of v and 28985.
17
Suppose t + 1 = 0, 2*d + 265*t - 772 = 261*t. Calculate the highest common divisor of d and 5723.
97
Suppose -m - o + 68 = 0, 17*m - 19*m + 4*o + 136 = 0. Suppose -4*q + m = -88. What is the highest common divisor of q and 507?
39
Let i(f) = 10*f**2 - 7*f - 15. Let v be i(-3). Let n(z) = z**2 + 15*z + 42. Let a be n(-12). What is the greatest common divisor of a and v?
6
Suppose t - 673 - 566 = 1588. Calculate the highest common factor of 11 and t.
11
Let u = 23 - -116. Suppose 130*w = u*w - 189. What is the highest common divisor of w and 91?
7
Suppose 2*k = 28 + 20. Let f be ((-5)/(-4))/(k/(-288)). Let j be (f/(-4))/(5/((-80)/(-3))). What is the greatest common factor of 50 and j?
10
Let f(j) = 70*j + 356. Let d be f(-4). Calculate the highest common divisor of 74 and d.
2
Suppose 5*l + 3*f = 6, 8*l + 2*f = 5*l + 3. Let c be (l - 16/6)*33. Calculate the greatest common divisor of c and 11.
11
Suppose 2*z = 13*j - 9*j + 376, -3*j - 737 = -4*z. What is the greatest common divisor of 273 and z?
91
Suppose -q = -u + 79, -171 = 2*q - 163. What is the greatest common divisor of 2175 and u?
75
Let z be (3430/84 + 1/2)/(12/54). What is the greatest common divisor of z and 6634?
62
Let f = 15387 + -15259. Calculate the greatest common factor of 64 and f.
64
Let v(w) = -4*w**3 + 87*w**2 + 20*w. Let k be v(16). Calculate the highest common divisor of 64 and k.
64
Suppose -85 = 2*z - 5*j, 0 = z + 7*j - 2*j + 5. Let n = z - -30. Suppose n = 3*r - r - 78. What is the highest common divisor of r and 13?
13
Suppose 5*j - 3*p - 111 = 0, -40*j + 3*p = -38*j - 57. What is the highest common factor of 552 and j?
6
Let q be (-5466)/(-4) - (11 - 100/8). Let c be (q/20)/(6/15). Calculate the greatest common divisor of c and 72.
9
Let s = -1366 - -2107. Let i = s - 473. Calculate the greatest common divisor of 4 and i.
4
Suppose -141*x = -87*x - 457704. What is the greatest common factor of x and 52?
52
Let r be 2 + ((-50635)/(-35) - (-12)/42). Calculate the highest common factor of r and 189.
63
Suppose 10561 = 20*g + 3121. What is the highest common divisor of g and 1209?
93
Suppose 5*h + 10318 - 1384 = p, 4*h + 8938 = p. Suppose 0 = 145*m - 156*m + p. Calculate the greatest common factor of 37 and m.
37
Suppose 34*j = 79 + 57. Suppose 2*c + 119 - 595 = -j*x, 2*c - 3*x - 448 = 0. What is the highest common factor of 30 and c?
10
Let z(f) = 368*f - 1839. Let r be z(5). Suppose 5*u - 35 = -0*u + 4*j, 4*u - j = 39. What is the greatest common factor of r and u?
1
Let z(l) = l**2 + 26*l + 96. Let d be z(-4). Suppose 8*x - 6192 = -d*x. Calculate the highest common divisor of x and 9.
9
Suppose 4*t = 5*t - 458. Suppose 3*u = t + 235. Suppose 17*a - 363 = 6*a. Calculate the highest common divisor of u and a.
33
Suppose -11*m + 45 = -10. Suppose 5*j - 2*r - 80 = 0, -65 = -m*j - r - 0*r. Calculate the greatest common factor of j and 2.
2
Let k be (-20)/(-3)*3/2. Suppose 0 = 3*t - 73 - 44. Suppose 40 + t = 5*d - 2*z, -d + 19 = -2*z. What is the highest common divisor of d and k?
5
Let v be (-252)/(-6) + -7 + -4. Suppose v*m - 5*m - 468 = 0. Calculate the highest common factor of 522 and m.
18
Suppose -a - r = -14175, 0 = -4*a + 79*r - 80*r + 56703. What is the greatest common factor of 64 and a?
32
Let n be 56/3*45/10. Suppose -6*b + 124 = -2*b + j, -n = -2*b + 5*j. What is the greatest common divisor of 160 and b?
32
Let s be (3 - (-3 + 93))*1/(-3). Suppose -s*h + 1350 = -11*h. What is the highest common factor of h and 3?
3
Let w be (-44)/66*(-667 - 2). Let u = w + -371. Let v be 121/4 + 3/(-12). Calculate the greatest common divisor of v and u.
15
Let o = -17 + 19. Let j be (75/3)/(o/(-6)). Let f be ((-27)/15 + 3)/((-3)/j). Calculate the greatest common divisor of 6 and f.
6
Let t = -265 - -273. Suppose t*l - 11*l = -162. What is the highest common factor of 144 and l?
18
Let s be (-188)/(-6